on divisor of 1230 and 173102.
82
Calculate the highest common divisor of 2448254 and 4106434.
9754
Calculate the greatest common factor of 66 and 1799891445.
33
What is the highest common divisor of 6251800 and 19400?
200
What is the highest common divisor of 19557 and 384129?
369
Calculate the greatest common divisor of 283209 and 28140.
201
Calculate the greatest common factor of 178121599 and 38.
19
Calculate the greatest common divisor of 634197 and 3964134.
537
What is the greatest common divisor of 2758825 and 6276?
523
Calculate the highest common factor of 63 and 137253480.
21
Calculate the highest common divisor of 1770 and 67530.
30
Calculate the highest common divisor of 517 and 1671696.
47
Calculate the greatest common factor of 22356 and 3185431.
23
Calculate the greatest common divisor of 52777627 and 1708.
427
What is the greatest common divisor of 1865318 and 814?
74
What is the highest common factor of 845542 and 680066?
2018
Calculate the greatest common divisor of 163850051 and 166.
83
What is the highest common factor of 1738503 and 51597?
1053
What is the greatest common divisor of 560 and 115040?
80
Calculate the highest common divisor of 28355 and 99216.
53
What is the greatest common factor of 157570447 and 23?
23
Calculate the highest common divisor of 26051232 and 480.
96
What is the greatest common factor of 10805304 and 369?
123
What is the highest common factor of 636624 and 31056?
48
Calculate the highest common factor of 7 and 908539.
1
Calculate the greatest common factor of 438 and 384256451.
73
Calculate the greatest common factor of 26460984 and 70851.
3729
What is the greatest common divisor of 24991928 and 104?
104
What is the greatest common factor of 42444892 and 6644?
604
Calculate the highest common factor of 5201346 and 8154.
906
Calculate the highest common factor of 77066 and 176638.
682
Calculate the highest common divisor of 53231096 and 16.
8
Calculate the greatest common divisor of 100 and 1184050900.
100
Calculate the greatest common factor of 1117890 and 3420.
90
What is the highest common factor of 8073 and 57918393?
2691
What is the greatest common factor of 16 and 907576?
8
Calculate the greatest common divisor of 897 and 57818481.
69
What is the greatest common divisor of 8126 and 2659114?
478
Calculate the highest common factor of 2286 and 2016954.
18
What is the highest common factor of 88108346 and 326?
326
What is the highest common divisor of 7120712 and 25112?
584
What is the greatest common factor of 28706490 and 30?
30
Calculate the highest common factor of 613556 and 28204036.
3908
Calculate the highest common factor of 1205205 and 3690.
15
What is the highest common factor of 1312233 and 4953?
39
Calculate the highest common factor of 740055 and 32093.
479
Calculate the greatest common divisor of 205023 and 215124.
273
Calculate the greatest common divisor of 68 and 6180758.
34
What is the greatest common divisor of 1269894189 and 21156?
5289
What is the highest common factor of 5345814 and 24?
6
What is the highest common factor of 14995264 and 1769?
61
What is the greatest common factor of 13886 and 11?
1
What is the greatest common factor of 23939988 and 4?
4
Calculate the highest common factor of 1776 and 3696112.
16
Calculate the highest common factor of 440 and 374792.
88
Calculate the highest common divisor of 23860209 and 7194.
327
What is the greatest common divisor of 155584 and 9502218?
374
What is the highest common factor of 245810 and 893?
47
Calculate the greatest common divisor of 4797354 and 3306.
174
What is the greatest common divisor of 686 and 24285086?
686
What is the greatest common divisor of 3658 and 46213343?
1829
Calculate the highest common factor of 30 and 1787865.
15
Calculate the highest common factor of 9244945 and 4239.
157
Calculate the highest common factor of 72550 and 97150.
50
What is the highest common factor of 2358872 and 48?
8
Calculate the highest common divisor of 348830 and 1910.
10
Calculate the greatest common divisor of 763047 and 87657.
1437
Calculate the greatest common factor of 1552 and 38592808.
776
Calculate the highest common factor of 525 and 5349450.
75
What is the highest common factor of 4280 and 5675815?
535
Calculate the greatest common factor of 1747920 and 510.
30
Calculate the greatest common factor of 60 and 388485.
15
Calculate the highest common divisor of 221100225 and 150.
75
Calculate the highest common divisor of 3360832 and 27801.
3089
Calculate the highest common factor of 45952955 and 119.
17
Calculate the greatest common factor of 113935020 and 969.
969
What is the greatest common factor of 1527067 and 131?
131
Calculate the highest common factor of 133 and 65335091.
19
Calculate the highest common divisor of 93067355 and 335.
335
Calculate the highest common factor of 14070602 and 26.
26
Calculate the greatest common factor of 1685 and 3975589.
337
Calculate the highest common factor of 692 and 511519999.
173
Calculate the highest common factor of 2262 and 173511988.
754
Calculate the highest common divisor of 26382 and 5262.
6
What is the highest common divisor of 7103112 and 555?
111
Calculate the greatest common divisor of 888202844 and 164.
164
Calculate the highest common factor of 75153285 and 45.
45
What is the greatest common divisor of 49166338 and 20748?
494
Calculate the highest common factor of 716148 and 972.
108
Calculate the highest common factor of 1971284 and 1806.
14
Calculate the highest common divisor of 4280358 and 2546.
38
What is the highest common divisor of 8239 and 1107557?
1177
Calculate the highest common factor of 9963 and 5207.
41
What is the greatest common factor of 1830 and 345675?
15
Calculate the highest common divisor of 26344 and 4450.
178
What is the greatest common divisor of 2601 and 8792247?
867
What is the highest common divisor of 359 and 2283274105?
359
Calculate the greatest common divisor of 1339042 and 1343454.
2206
What is the highest common factor of 302 and 175282?
2
Calculate the highest common divisor of 2268500 and 109000.
500
Calculate the greatest common factor of 27554 and 14856398.
1198
What is the greatest common divisor of 809348 and 4092?
124
What is the highest common factor of 6067450 and 50?
50
Calculate the highest common divisor of 6208 and 431104.
64
Calculate the highest common divisor of 5359126 and 22106.
3158
What is the greatest common factor of 3456586 and 13552?
14
What is the greatest common factor of 21084 and 42143151?
753
Calculate the greatest common divisor of 4186 and 138240074.
322
Calculate the greatest common divisor of 18361 and 204981.
301
What is the highest common factor of 2920 and 1298305?
365
Calculate the highest common divisor of 12520 and 97696064.
2504
Calculate the greatest common divisor of 16830 and 225675.
765
What is the greatest common factor of 333 and 4996813?
37
Calculate the highest common factor of 1050 and 3968265.
105
What is the highest common divisor of 124 and 4013601?
31
Calculate the highest common factor of 9417825 and 1710.
855
Calculate the highest common factor of 6407748 and 2916.
324
What is the greatest common factor of 4865 and 569590?
35
What is the greatest common factor of 5348 and 708297142?
2674
What is the greatest common factor of 99778058 and 127?
127
What is the greatest common divisor of 2277041939 and 958?
479
What is the highest common divisor of 2050 and 475550?
50
What is the highest common factor of 49351201 and 3908?
977
Calculate the greatest common factor of 780 and 30755595.
195
What is the highest common divisor of 95843745 and 90?
45
What is the highest common divisor of 5268 and 603036?
12
Calculate the greatest common divisor of 95 and 74015317.
19
Calculate the highest common factor of 3476561 and 286.
11
What is the highest common divisor of 21646 and 814876?
274
Calculate the greatest common divisor of 326 and 88170123.
163
Calculate the greatest common factor of 25755 and 345745422.
5151
What is the highest common factor of 145742380 and 14?
14
What is the highest common divisor of 3747230 and 250?
10
Calculate the greatest common divisor of 8020 and 261853.
401
Calculate the greatest common divisor of 3831 and 40318721.
1277
What is the highest common fac